{"id":69,"date":"2017-03-02T16:25:45","date_gmt":"2017-03-02T16:25:45","guid":{"rendered":"http:\/\/pandora-tagesstaette.de\/?page_id=69"},"modified":"2026-02-12T13:11:48","modified_gmt":"2026-02-12T13:11:48","slug":"ueber-uns","status":"publish","type":"page","link":"https:\/\/pandora-tagesstaette.de\/?page_id=69","title":{"rendered":"\u00dcber uns"},"content":{"rendered":"<p><span style=\"color: #000000;\">Seit Januar 2016 begr\u00fc\u00dfen wir Sie in Eschweiler-Kinzweiler. Unser kleines famili\u00e4res Team hat es sich zur Aufgabe gemacht, Ihnen und Ihren Liebsten&nbsp;sch\u00f6ne und abwechslungsreiche Tage zu bieten. Getreu unserem Motto <strong>&#8222;Wir bringen Abwechslung in Ihren Alltag!&#8220;<\/strong><\/span><\/p>\n<p><span style=\"color: #000000;\"><strong>Die Grundlage unserer Betreuungsarbeit in der Tagespflege ist ein<\/strong><\/span><\/p>\n<p style=\"text-align: left;\"><span style=\"color: #000000;\">&#8211; wertsch\u00e4tzender<\/span><\/p>\n<p style=\"text-align: left;\"><span style=\"color: #000000;\">&#8211; einf\u00fchlsamer und<\/span><\/p>\n<p style=\"text-align: left;\"><span style=\"color: #000000;\">&#8211; respektvoller Umgang<\/span><\/p>\n<p style=\"text-align: left;\"><span style=\"color: #000000;\">mit unseren G\u00e4sten.<\/span><\/p>\n<p style=\"text-align: left;\"><span style=\"color: #000000;\"><strong>Ein Tag in der Tagesst\u00e4tte bedeutet<\/strong><\/span><\/p>\n<p style=\"text-align: left;\"><span style=\"color: #000000;\">&#8211; lieb gewonnene Gewohnheiten aufrecht zu erhalten<\/span><\/p>\n<p style=\"text-align: left;\"><span style=\"color: #000000;\">&#8211; der Tagesablauf orientiert sich an den individuellen Bed\u00fcrfnissen unserer G\u00e4ste<\/span><\/p>\n<p style=\"text-align: left;\"><span style=\"color: #000000;\">&#8211; alltagspraktischen T\u00e4tigkeiten nachzugehen und gem\u00fctliches Beisammensein zu pflegen<\/span><\/p>\n<p style=\"text-align: left;\"><span style=\"color: #000000;\">&#8211; Feste zu feiern, wie sie fallen<\/span><\/p>\n<p style=\"text-align: left;\"><span style=\"color: #000000;\">&#8211; bei Bedarf steht unseren G\u00e4sten eine Ruhe-Oase f\u00fcr R\u00fcckzug und Entspannung zur Verf\u00fcgung<\/span><\/p>\n<p style=\"text-align: left;\"><span style=\"color: #000000;\">&#8211; Hunde sind willkommen!<\/span><\/p>\n<p><span style=\"color: #000000;\"><strong>Externe Service-Leistungen im Haus:<\/strong><\/span><span style=\"color: #000000;\">&nbsp; &nbsp; &nbsp; &nbsp; &nbsp; &nbsp; &nbsp; &nbsp; &nbsp; &nbsp; &nbsp; &nbsp; &nbsp; &nbsp; &nbsp; &nbsp; &nbsp; &nbsp;<\/span><\/p>\n<p><span style=\"color: #000000;\">&#8211; Fu\u00dfpflege &nbsp; &nbsp; &nbsp; &nbsp; &nbsp; &nbsp; &nbsp; &nbsp; &nbsp; &nbsp; &nbsp; &nbsp; &nbsp; &nbsp;<\/span><\/p>\n<p><span style=\"color: #000000;\">&#8211; Rehasport &nbsp; &nbsp; &nbsp; &nbsp; &nbsp; &nbsp; &nbsp; &nbsp; &nbsp;<\/span><\/p>\n<p><span style=\"color: #000000;\">&#8211; Logop\u00e4die<\/span><\/p>\n<p><span style=\"color: #000000;\"><strong>Biografisch bezogene Besch\u00e4ftigungsangebote:<\/strong><\/span><\/p>\n<p><span style=\"color: #000000;\">&#8211; Ausfl\u00fcge<\/span><\/p>\n<p><span style=\"color: #000000;\">&#8211; kreatives Gestalten<\/span><\/p>\n<p><span style=\"color: #000000;\">&#8211; gemeinsames Kuchenbacken<\/span><\/p>\n<p><span style=\"color: #000000;\">&#8211; Bewegung, Singen &amp; Tanzen<\/span><\/p>\n<p><span style=\"color: #000000;\">&#8211; Besch\u00e4ftigung im Garten<\/span><\/p>\n<p><span style=\"color: #000000;\">&#8211; Erinnerungspflege<\/span><\/p>\n<p>&nbsp;<\/p>\n","protected":false},"excerpt":{"rendered":"<p>Seit Januar 2016 begr\u00fc\u00dfen wir Sie in Eschweiler-Kinzweiler. Unser kleines famili\u00e4res Team hat es sich zur Aufgabe gemacht, Ihnen und Ihren Liebsten&nbsp;sch\u00f6ne und abwechslungsreiche Tage zu bieten. Getreu unserem Motto &#8222;Wir bringen Abwechslung in Ihren Alltag!&#8220; Die Grundlage unserer Betreuungsarbeit in der Tagespflege ist ein &#8211; wertsch\u00e4tzender &#8211; einf\u00fchlsamer und &#8211; respektvoller Umgang mit unseren&hellip; <br \/> <a class=\"read-more\" href=\"https:\/\/pandora-tagesstaette.de\/?page_id=69\">Weiterlesen<\/a><\/p>\n","protected":false},"author":1,"featured_media":0,"parent":0,"menu_order":0,"comment_status":"closed","ping_status":"closed","template":"","meta":{"ngg_post_thumbnail":0},"_links":{"self":[{"href":"https:\/\/pandora-tagesstaette.de\/index.php?rest_route=\/wp\/v2\/pages\/69"}],"collection":[{"href":"https:\/\/pandora-tagesstaette.de\/index.php?rest_route=\/wp\/v2\/pages"}],"about":[{"href":"https:\/\/pandora-tagesstaette.de\/index.php?rest_route=\/wp\/v2\/types\/page"}],"author":[{"embeddable":true,"href":"https:\/\/pandora-tagesstaette.de\/index.php?rest_route=\/wp\/v2\/users\/1"}],"replies":[{"embeddable":true,"href":"https:\/\/pandora-tagesstaette.de\/index.php?rest_route=%2Fwp%2Fv2%2Fcomments&post=69"}],"version-history":[{"count":6,"href":"https:\/\/pandora-tagesstaette.de\/index.php?rest_route=\/wp\/v2\/pages\/69\/revisions"}],"predecessor-version":[{"id":115621,"href":"https:\/\/pandora-tagesstaette.de\/index.php?rest_route=\/wp\/v2\/pages\/69\/revisions\/115621"}],"wp:attachment":[{"href":"https:\/\/pandora-tagesstaette.de\/index.php?rest_route=%2Fwp%2Fv2%2Fmedia&parent=69"}],"curies":[{"name":"wp","href":"https:\/\/api.w.org\/{rel}","templated":true}]}}